{"id":441,"date":"2021-01-20T15:52:06","date_gmt":"2021-01-20T15:52:06","guid":{"rendered":"https:\/\/molinos-agropecuarios.intagono.mx\/producto\/bazookas\/"},"modified":"2021-01-20T17:41:55","modified_gmt":"2021-01-20T17:41:55","slug":"bazookas","status":"publish","type":"product","link":"https:\/\/www.molinosazteca.com\/equiposagropecuarios\/producto\/bazookas\/","title":{"rendered":"Bazookas"},"content":{"rendered":"<p>CARACTER\u00cdSTICAS<br \/>\nSe cuenta con dos modalidades para la transmisi\u00f3n, las primeras son bazookas con la base para el motor en la parte superior del tubo de la bazookas, esto hace que el equipo sea m\u00e1s econ\u00f3mico pero solo se le puede instalar un motor el\u00e9ctrico, las segundas son bazookas con la base para el motor en la parte inferior del tubo, estas bazookas son m\u00e1s costosa que las primeras, pero adem\u00e1s de ofrecer mayor estabilidad, permiten que el equipo se opere con una de las tres opciones, motor el\u00e9ctrico, motor de combusti\u00f3n o toma de fuerza del tractor, estas bazookas cuentan con una flecha a lo largo de la misma para transmitir la potencia al gusano en la punta del equipo.<\/p>\n","protected":false},"excerpt":{"rendered":"<p>TRANSPORTADORES HELICOIDALES TIPO BAZOOKA<br \/>\nPara el movimiento de granos, pastas y harinas contamos con nuestra l\u00ednea de transportadores helicoidales tipo bazooka, se fabrican en diferentes di\u00e1metros, longitudes y modalidades de transmisi\u00f3n, cuentan con una tijera de soporte y rodado para su f\u00e1cil transporte.<\/p>\n[av_button label='Ficha t\u00e9cnica' link='manually,https:\/\/molinosazteca.com\/equiposagropecuarios\/wp-content\/uploads\/2021\/01\/FT-Bazookas.pdf' link_target='_blank' size='middle' position='left' icon_select='yes' icon='ue84c' font='entypo-fontello' color='theme-color' custom_bg='#444444' custom_font='#ffffff' av_uid='av-5obiu2i']\n","protected":false},"featured_media":350,"comment_status":"open","ping_status":"closed","template":"","meta":{"inline_featured_image":false},"product_brand":[],"product_cat":[17,18],"product_tag":[],"class_list":{"0":"post-441","1":"product","2":"type-product","3":"status-publish","4":"has-post-thumbnail","6":"product_cat-equipos","7":"product_cat-bazookas","9":"first","10":"instock","11":"shipping-taxable","12":"purchasable","13":"product-type-simple"},"_links":{"self":[{"href":"https:\/\/www.molinosazteca.com\/equiposagropecuarios\/wp-json\/wp\/v2\/product\/441","targetHints":{"allow":["GET"]}}],"collection":[{"href":"https:\/\/www.molinosazteca.com\/equiposagropecuarios\/wp-json\/wp\/v2\/product"}],"about":[{"href":"https:\/\/www.molinosazteca.com\/equiposagropecuarios\/wp-json\/wp\/v2\/types\/product"}],"replies":[{"embeddable":true,"href":"https:\/\/www.molinosazteca.com\/equiposagropecuarios\/wp-json\/wp\/v2\/comments?post=441"}],"wp:featuredmedia":[{"embeddable":true,"href":"https:\/\/www.molinosazteca.com\/equiposagropecuarios\/wp-json\/wp\/v2\/media\/350"}],"wp:attachment":[{"href":"https:\/\/www.molinosazteca.com\/equiposagropecuarios\/wp-json\/wp\/v2\/media?parent=441"}],"wp:term":[{"taxonomy":"product_brand","embeddable":true,"href":"https:\/\/www.molinosazteca.com\/equiposagropecuarios\/wp-json\/wp\/v2\/product_brand?post=441"},{"taxonomy":"product_cat","embeddable":true,"href":"https:\/\/www.molinosazteca.com\/equiposagropecuarios\/wp-json\/wp\/v2\/product_cat?post=441"},{"taxonomy":"product_tag","embeddable":true,"href":"https:\/\/www.molinosazteca.com\/equiposagropecuarios\/wp-json\/wp\/v2\/product_tag?post=441"}],"curies":[{"name":"wp","href":"https:\/\/api.w.org\/{rel}","templated":true}]}}