{"id":445,"date":"2021-01-20T15:52:07","date_gmt":"2021-01-20T15:52:07","guid":{"rendered":"https:\/\/molinos-agropecuarios.intagono.mx\/producto\/desvaradora-molino-24\/"},"modified":"2021-01-20T18:03:02","modified_gmt":"2021-01-20T18:03:02","slug":"desvaradora-molino-24","status":"publish","type":"product","link":"https:\/\/www.molinosazteca.com\/equiposagropecuarios\/producto\/desvaradora-molino-24\/","title":{"rendered":"Desvaradora Molino 24"},"content":{"rendered":"<p>CARACTER\u00cdSTICAS<br \/>\nLa Desvaradora Molino es un equipo que al ser remolcado con el tractor permite cortar los esquilmos de la cosecha del ma\u00edz, levantarlos y molerlos o si se desea provechar al m\u00e1ximo los esquilmos, la maquina puede pasar recogiendo las hileras del rastrojo de ma\u00edz desvarado e hilerado levantarlas y molerlas, el producto molido puede encostalarse en una plataforma que tiene el equipo en la parte trasera o enviarse mediante tuber\u00eda y un cicl\u00f3n a un remolque o cami\u00f3n, la desvaradora molino cuenta con un tir\u00f3n para enganchar el remolque.<\/p>\n","protected":false},"excerpt":{"rendered":"<p>DESVARADORA MOLINO 24<br \/>\nLa Desvaradora molino opera con un molino Azteca No. 24, por lo que requiere una potencia de 90 HP a la toma de fuerza a 540 RPM. La desvaradora molino cuenta con un pist\u00f3n hidr\u00e1ulico que permite ajustar la altura de ataque de la maquina.<\/p>\n[av_button label='Ficha t\u00e9cnica' link='manually,https:\/\/molinosazteca.com\/equiposagropecuarios\/wp-content\/uploads\/2021\/01\/FT-Desvaradora24.pdf' link_target='_blank' size='middle' position='left' icon_select='yes' icon='ue84c' font='entypo-fontello' color='theme-color' custom_bg='#444444' custom_font='#ffffff' av_uid='av-5obiu2i']\n","protected":false},"featured_media":372,"comment_status":"open","ping_status":"closed","template":"","meta":{"inline_featured_image":false},"product_brand":[],"product_cat":[17,24],"product_tag":[],"class_list":{"0":"post-445","1":"product","2":"type-product","3":"status-publish","4":"has-post-thumbnail","6":"product_cat-equipos","7":"product_cat-desvaradoras-molino","9":"first","10":"instock","11":"shipping-taxable","12":"purchasable","13":"product-type-simple"},"_links":{"self":[{"href":"https:\/\/www.molinosazteca.com\/equiposagropecuarios\/wp-json\/wp\/v2\/product\/445","targetHints":{"allow":["GET"]}}],"collection":[{"href":"https:\/\/www.molinosazteca.com\/equiposagropecuarios\/wp-json\/wp\/v2\/product"}],"about":[{"href":"https:\/\/www.molinosazteca.com\/equiposagropecuarios\/wp-json\/wp\/v2\/types\/product"}],"replies":[{"embeddable":true,"href":"https:\/\/www.molinosazteca.com\/equiposagropecuarios\/wp-json\/wp\/v2\/comments?post=445"}],"wp:featuredmedia":[{"embeddable":true,"href":"https:\/\/www.molinosazteca.com\/equiposagropecuarios\/wp-json\/wp\/v2\/media\/372"}],"wp:attachment":[{"href":"https:\/\/www.molinosazteca.com\/equiposagropecuarios\/wp-json\/wp\/v2\/media?parent=445"}],"wp:term":[{"taxonomy":"product_brand","embeddable":true,"href":"https:\/\/www.molinosazteca.com\/equiposagropecuarios\/wp-json\/wp\/v2\/product_brand?post=445"},{"taxonomy":"product_cat","embeddable":true,"href":"https:\/\/www.molinosazteca.com\/equiposagropecuarios\/wp-json\/wp\/v2\/product_cat?post=445"},{"taxonomy":"product_tag","embeddable":true,"href":"https:\/\/www.molinosazteca.com\/equiposagropecuarios\/wp-json\/wp\/v2\/product_tag?post=445"}],"curies":[{"name":"wp","href":"https:\/\/api.w.org\/{rel}","templated":true}]}}