{"id":450,"date":"2021-01-20T15:52:27","date_gmt":"2021-01-20T15:52:27","guid":{"rendered":"https:\/\/molinos-agropecuarios.intagono.mx\/producto\/ensiladora-trituradora\/"},"modified":"2021-10-04T21:49:10","modified_gmt":"2021-10-04T21:49:10","slug":"ensiladora-trituradora","status":"publish","type":"product","link":"https:\/\/www.molinosazteca.com\/equiposagropecuarios\/producto\/ensiladora-trituradora\/","title":{"rendered":"Ensiladora Trituradora"},"content":{"rendered":"<p>CARACTER\u00cdSTICAS<br \/>\nEst\u00e1 disponible en base para motor de combusti\u00f3n y base para motor el\u00e9ctrico, tambi\u00e9n la base puede surtirse con ruedas que facilitan su movimiento. CAPACIDADES NOMINALES Molienda de granos: 1,000 kg\/h en molienda de ma\u00edz con criba de 1\/4&#8243; Picado en verde: 1,000\/h POTENCIAS REQUERIDAS Motor el\u00e9ctrico: 5 HP Motor de combusti\u00f3n: 10 a 13 HP<\/p>\n","protected":false},"excerpt":{"rendered":"<p>ENSILADORA TRITURADORA<br \/>\nEnsiladora trituradora, equipo que combina martillos y cuchillas lo cual permite picar forrajes verdes o secos de tallo gruesos, moler grano y picar ramas no mayores de 1&#8243;<\/p>\n[av_button label='Ficha t\u00e9cnica' link='manually,' link_target='_blank' size='middle' position='left' icon_select='yes' icon='ue84c' font='entypo-fontello' color='theme-color' custom_bg='#444444' custom_font='#ffffff' av_uid='av-5obiu2i']\n<p><iframe loading=\"lazy\" width=\"560\" height=\"315\" src=\"https:\/\/www.youtube.com\/embed\/Dv6bZDzMXsc\" title=\"YouTube video player\" frameborder=\"0\" allow=\"accelerometer; autoplay; clipboard-write; encrypted-media; gyroscope; picture-in-picture\" allowfullscreen><\/iframe><\/p>\n","protected":false},"featured_media":381,"comment_status":"open","ping_status":"closed","template":"","meta":{"inline_featured_image":false},"product_brand":[],"product_cat":[17,26],"product_tag":[],"class_list":{"0":"post-450","1":"product","2":"type-product","3":"status-publish","4":"has-post-thumbnail","6":"product_cat-equipos","7":"product_cat-ensiladora-trituradora","9":"first","10":"instock","11":"shipping-taxable","12":"purchasable","13":"product-type-simple"},"_links":{"self":[{"href":"https:\/\/www.molinosazteca.com\/equiposagropecuarios\/wp-json\/wp\/v2\/product\/450","targetHints":{"allow":["GET"]}}],"collection":[{"href":"https:\/\/www.molinosazteca.com\/equiposagropecuarios\/wp-json\/wp\/v2\/product"}],"about":[{"href":"https:\/\/www.molinosazteca.com\/equiposagropecuarios\/wp-json\/wp\/v2\/types\/product"}],"replies":[{"embeddable":true,"href":"https:\/\/www.molinosazteca.com\/equiposagropecuarios\/wp-json\/wp\/v2\/comments?post=450"}],"wp:featuredmedia":[{"embeddable":true,"href":"https:\/\/www.molinosazteca.com\/equiposagropecuarios\/wp-json\/wp\/v2\/media\/381"}],"wp:attachment":[{"href":"https:\/\/www.molinosazteca.com\/equiposagropecuarios\/wp-json\/wp\/v2\/media?parent=450"}],"wp:term":[{"taxonomy":"product_brand","embeddable":true,"href":"https:\/\/www.molinosazteca.com\/equiposagropecuarios\/wp-json\/wp\/v2\/product_brand?post=450"},{"taxonomy":"product_cat","embeddable":true,"href":"https:\/\/www.molinosazteca.com\/equiposagropecuarios\/wp-json\/wp\/v2\/product_cat?post=450"},{"taxonomy":"product_tag","embeddable":true,"href":"https:\/\/www.molinosazteca.com\/equiposagropecuarios\/wp-json\/wp\/v2\/product_tag?post=450"}],"curies":[{"name":"wp","href":"https:\/\/api.w.org\/{rel}","templated":true}]}}