{"id":493,"date":"2021-01-20T15:55:44","date_gmt":"2021-01-20T15:55:44","guid":{"rendered":"https:\/\/molinos-agropecuarios.intagono.mx\/producto\/ventiladores\/"},"modified":"2021-02-08T19:36:08","modified_gmt":"2021-02-08T19:36:08","slug":"ventiladores","status":"publish","type":"product","link":"https:\/\/www.molinosazteca.com\/equiposagropecuarios\/producto\/ventiladores\/","title":{"rendered":"Ventiladores"},"content":{"rendered":"<p>CARACTER\u00cdSTICAS<br \/>\nDependiendo del modelo del molino, el ventilador tiene diferente di\u00e1metro y espesor de la placa de las aspas, su soldadura robotizada, se realiza en una moderna plantilla de soldador rotatoria, garantiza un trabajo seguro del mismo, los ventiladores son balanceados din\u00e1micamente. Su reforzado dise\u00f1o permite enviar las harinas al cicl\u00f3n o canalizarlas por medio de tuber\u00edas a camiones, silos o bodegas.<\/p>\n","protected":false},"excerpt":{"rendered":"<p>VENTILADORES<br \/>\nVentiladores para todos los modelos Azteca.<\/p>\n","protected":false},"featured_media":437,"comment_status":"open","ping_status":"closed","template":"","meta":{"inline_featured_image":false},"product_brand":[],"product_cat":[34,36],"product_tag":[],"class_list":{"0":"post-493","1":"product","2":"type-product","3":"status-publish","4":"has-post-thumbnail","6":"product_cat-refacciones","7":"product_cat-molinos","9":"first","10":"instock","11":"shipping-taxable","12":"purchasable","13":"product-type-simple"},"_links":{"self":[{"href":"https:\/\/www.molinosazteca.com\/equiposagropecuarios\/wp-json\/wp\/v2\/product\/493","targetHints":{"allow":["GET"]}}],"collection":[{"href":"https:\/\/www.molinosazteca.com\/equiposagropecuarios\/wp-json\/wp\/v2\/product"}],"about":[{"href":"https:\/\/www.molinosazteca.com\/equiposagropecuarios\/wp-json\/wp\/v2\/types\/product"}],"replies":[{"embeddable":true,"href":"https:\/\/www.molinosazteca.com\/equiposagropecuarios\/wp-json\/wp\/v2\/comments?post=493"}],"wp:featuredmedia":[{"embeddable":true,"href":"https:\/\/www.molinosazteca.com\/equiposagropecuarios\/wp-json\/wp\/v2\/media\/437"}],"wp:attachment":[{"href":"https:\/\/www.molinosazteca.com\/equiposagropecuarios\/wp-json\/wp\/v2\/media?parent=493"}],"wp:term":[{"taxonomy":"product_brand","embeddable":true,"href":"https:\/\/www.molinosazteca.com\/equiposagropecuarios\/wp-json\/wp\/v2\/product_brand?post=493"},{"taxonomy":"product_cat","embeddable":true,"href":"https:\/\/www.molinosazteca.com\/equiposagropecuarios\/wp-json\/wp\/v2\/product_cat?post=493"},{"taxonomy":"product_tag","embeddable":true,"href":"https:\/\/www.molinosazteca.com\/equiposagropecuarios\/wp-json\/wp\/v2\/product_tag?post=493"}],"curies":[{"name":"wp","href":"https:\/\/api.w.org\/{rel}","templated":true}]}}